s the tens digit of 254147?
4
What is the thousands digit of 10084876?
4
What is the ten thousands digit of 372881?
7
What is the hundreds digit of 2775460?
4
What is the units digit of 14060203?
3
What is the units digit of 1511713?
3
What is the hundreds digit of 528934?
9
What is the units digit of 47316?
6
What is the ten millions digit of 32688797?
3
What is the hundred thousands digit of 21102104?
1
What is the ten millions digit of 15621184?
1
What is the ten thousands digit of 188871?
8
What is the hundreds digit of 3902767?
7
What is the ten thousands digit of 376254?
7
What is the ten thousands digit of 9450650?
5
What is the thousands digit of 1128650?
8
What is the thousands digit of 20177978?
7
What is the tens digit of 8100559?
5
What is the hundreds digit of 818032?
0
What is the tens digit of 857619?
1
What is the thousands digit of 60482?
0
What is the tens digit of 2341512?
1
What is the millions digit of 1272330?
1
What is the hundred thousands digit of 1969693?
9
What is the thousands digit of 2663934?
3
What is the units digit of 2601010?
0
What is the ten millions digit of 25235103?
2
What is the thousands digit of 155598?
5
What is the units digit of 139444?
4
What is the units digit of 23060?
0
What is the hundred thousands digit of 288168?
2
What is the units digit of 735718?
8
What is the ten thousands digit of 31392?
3
What is the units digit of 4066?
6
What is the tens digit of 14806089?
8
What is the thousands digit of 758690?
8
What is the hundred thousands digit of 3995042?
9
What is the hundred thousands digit of 1872345?
8
What is the units digit of 541995?
5
What is the tens digit of 218263?
6
What is the thousands digit of 300938?
0
What is the ten thousands digit of 1791838?
9
What is the thousands digit of 2677381?
7
What is the tens digit of 41954233?
3
What is the hundred thousands digit of 23481048?
4
What is the thousands digit of 18239191?
9
What is the hundreds digit of 3044867?
8
What is the thousands digit of 179595?
9
What is the hundreds digit of 4905?
9
What is the tens digit of 166901?
0
What is the thousands digit of 14098590?
8
What is the ten thousands digit of 4641051?
4
What is the thousands digit of 142820?
2
What is the hundreds digit of 4318159?
1
What is the hundred thousands digit of 486527?
4
What is the hundreds digit of 1230474?
4
What is the hundreds digit of 712328?
3
What is the hundreds digit of 2402238?
2
What is the tens digit of 184031?
3
What is the units digit of 989073?
3
What is the hundreds digit of 203436?
4
What is the units digit of 1614337?
7
What is the tens digit of 333378?
7
What is the millions digit of 5062748?
5
What is the thousands digit of 3113425?
3
What is the thousands digit of 12086019?
6
What is the hundred thousands digit of 571807?
5
What is the hundreds digit of 500589?
5
What is the ten thousands digit of 363100?
6
What is the ten thousands digit of 39664?
3
What is the millions digit of 1792001?
1
What is the millions digit of 15757742?
5
What is the thousands digit of 3843737?
3
What is the ten thousands digit of 184613?
8
What is the hundreds digit of 592424?
4
What is the thousands digit of 5466507?
6
What is the thousands digit of 5874434?
4
What is the thousands digit of 4126159?
6
What is the units digit of 291304?
4
What is the hundreds digit of 1440870?
8
What is the thousands digit of 417751?
7
What is the hundreds digit of 844993?
9
What is the millions digit of 3882657?
3
What is the millions digit of 3100039?
3
What is the millions digit of 2011753?
2
What is the units digit of 165737?
7
What is the ten thousands digit of 1359811?
5
What is the hundreds digit of 203124?
1
What is the thousands digit of 3523959?
3
What is the tens digit of 507930?
3
What is the millions digit of 3768659?
3
What is the hundred thousands digit of 236837?
2
What is the hundreds digit of 190726?
7
What is the tens digit of 9244644?
4
What is the units digit of 208015?
5
What is the thousands digit of 166785?
6
What is the ten thousands digit of 66881?
6
What is the ten thousands digit of 28770516?
7
What is the units digit of 960919?
9
What is the hundred thousands digit of 389920?
3
What is the hundreds digit of 700515?
5
What is the thousands digit of 42200?
2
What is the thousands digit of 11443660?
3
What is the tens digit of 10844108?
0
What is the hundreds digit of 6441539?
5
What is the millions digit of 11561461?
1
What is the hundreds digit of 108686?
6
What is the tens digit of 6423730?
3
What is the units digit of 18378133?
3
What is the hundreds digit of 61472?
4
What is the tens digit of 4250895?
9
What is the hundreds digit of 1701493?
4
What is the tens digit of 525290?
9
What is the ten thousands digit of 6072360?
7
What is the thousands digit of 6464420?
4
What is the hundreds digit of 353812?
8
What is the tens digit of 311987?
8
What is the thousands digit of 31549130?
9
What is the tens digit of 674603?
0
What is the tens digit of 789634?
3
What is the hundred thousands digit of 7393213?
3
What is the ten thousands digit of 25397284?
9
What is the thousands digit of 2347379?
7
What is the millions digit of 11679404?
1
What is the thousands digit of 6498498?
8
What is the tens digit of 271770?
7
What is the hundreds digit of 10343486?
4
What is the millions digit of 2561204?
2
What is the units digit of 141742?
2
What is the units digit of 2385852?
2
What is the hundred thousands digit of 1253134?
2
What is the ten thousands digit of 12384933?
8
What is the hundred thousands digit of 234170?
2
What is the hundred thousands digit of 1189194?
1
What is the hundreds digit of 279469?
4
What is the thousands digit of 888357?
8
What is the thousands digit of 663839?
3
What is the ten thousands digit of 198238?
9
What is the thousands digit of 70109?
0
What is the hundreds digit of 802976?
9
What is the ten thousands digit of 21768563?
6
What is the thousands digit of 34709?
4
What is the millions digit of 13967643?
3
What is the thousands digit of 5961011?
1
What is the tens digit of 299384?
8
What is the ten thousands digit of 1914291?
1
What is the thousands digit of 13439153?
9
What is the hundreds digit of 263960?
9
What is the millions digit of 7091850?
7
What is the hundreds digit of 843637?
6
What is the millions digit of 42660607?
2
What is the hundred thousands digit of 2554732?
5
What is the thousands digit of 8884039?
4
What is the tens digit of 35978946?
4
What is the millions digit of 15331541?
5
What is the ten thousands digit of 6606617?
0
What is the thousands digit of 15983?
5
What is the hundreds digit of 7149049?
0
What is the ten thousands digit of 1533763?
3
What is the tens digit of 8449223?
2
What is the tens digit of 335918?
1
What is the thousands digit of 423345?
3
What is the hundred thousands digit of 2025006?
0
What is the millions digit of 1687324?
1
What is the tens digit of 569730?
3
What is the tens digit of 926789?
8
What is the units digit of 1596329?
9
What is the hundreds digit of 1994418?
4
What is the millions digit of 2157012?
2
What is the thousands digit of 954932?
4
What is the hundreds digit of 17545898?
8
What is the units digit of 1518454?
4
What is the millions digit of 2448354?
2
What is the units digit of 580791?
1
What is the ten thousands digit of 4278445?
7
What is the units digit of 204998?
8
What is the tens digit of 477636?
3
What is the ten thousands digit of 845754?
4
What is the thousands digit of 168807?
8
What is the thousands digit of 52760?
2
What is the units digit of 201132?
2
What is the thousands digit of 200523?
0
What is the hundreds digit of 7578274?
2
What is the ten thousands digit of 2822702?
2
What is the hundred thousands digit of 16020941?
0
What is the tens digit of 285963?
6
What is the tens digit of 203584?
8
What is the thousands digit of 1016781?
6
What is the hundreds digit of 1113645?
6
What is the ten thousands digit of 1213266?
1
What is the thousands digit of 723509?
3
What is the hundred thousands digit of 405741?
4
What is the hundred thousands digit of 2446290?
4
What is the tens digit of 327982?
8
What is the ten thousands digit of 662451?
6
What is the units digit of 400242?
2
What is the hundreds digit of 364958?
9
What is the thousands digit of 58719